= 4*m**2 + 2*m + 1. Let u(l) = 4*l + 2. Let z be u(4). Let k = 28 - z. What is the remainder when k is divided by i(-1)?
1
Let n = -96 + 198. Calculate the remainder when n is divided by 26.
24
Let r = 107 + -66. What is the remainder when r is divided by 22?
19
Let r = 85 - 63. Calculate the remainder when 61 is divided by r.
17
Let t(n) = -n**3 + 23*n**2 + 51*n - 22. What is the remainder when 14 is divided by t(25)?
2
Calculate the remainder when (3 + (-17)/5)*-25 is divided by 6.
4
Let j(s) = 45*s**2 - 2*s + 1. Calculate the remainder when j(1) is divided by 9.
8
Let y(h) = -h - 16. What is the remainder when y(-18) is divided by 1?
0
Let y be 6 + -1 + -3 - 1. What is the remainder when 42 is divided by 23 + 2/(-2)*y?
20
Suppose 3*g - 15 - 18 = 0. Suppose 19 + g = 2*k. Calculate the remainder when 57 is divided by k.
12
Suppose -3*g + 4*t + 197 = 0, 3*t = 5*g + 2*t - 334. Calculate the remainder when g is divided by 17.
16
Let s(v) = 6*v - 2. What is the remainder when 0 - 0 - (-7 + 1) is divided by s(1)?
2
Let x = -3 - -7. Suppose -q = x - 0. Let g = q - -24. What is the remainder when g is divided by 7?
6
Let h = 15 + 10. Let j(w) = 35*w + 2. What is the remainder when j(2) is divided by h?
22
Let n(x) = -x**3 - 2*x**2 + x - 4. Let j be n(-3). Suppose 30 = j*l + l. Suppose -4*t + 54 = -22. Calculate the remainder when t is divided by l.
9
Let w(p) = -p**2 - 12*p - 15. Let d be w(-10). Suppose -d*r = 6 - 46. Calculate the remainder when 15 is divided by r.
7
Let i(l) = l**2 - 4*l - 20. What is the remainder when i(13) is divided by 27?
16
Let w(o) = 10*o**2 + 9*o + 5. What is the remainder when w(-3) is divided by 7?
5
Let f(g) = -3*g + 19. Calculate the remainder when f(-6) is divided by 10.
7
Let n(k) = -k**2 - 7*k. Suppose 5*j - 150 - 150 = 0. Let v be (4/10)/((-6)/j). Calculate the remainder when 23 is divided by n(v).
11
Suppose 0 = -4*y + 2*i + 18, 0 = -y - 3*y - i + 9. Calculate the remainder when 9 is divided by y.
0
What is the remainder when (-66)/(-5)*(-5)/(-2) is divided by 12?
9
Calculate the remainder when ((-5)/(-5 - -15))/(2/(-76)) is divided by 15.
4
Let v(a) be the second derivative of a**5/20 - a**4/6 - a**3/3 - 5*a**2/2 + a. Calculate the remainder when 55 is divided by v(4).
17
What is the remainder when 62 is divided by (-3)/15 + (2 - (-142)/10)?
14
What is the remainder when (6*3)/((-21)/(-63)) is divided by 3?
0
Calculate the remainder when 27 is divided by (15/2)/(24/32).
7
Let y = 7 - 3. Calculate the remainder when -3*(-7)/(21/10) is divided by y.
2
Let f(y) = y**2 - 20*y - 15. What is the remainder when 4*15/4*1 is divided by f(21)?
3
Suppose 5*o - 55 = 4*q - 2*q, 0 = -5*o - 5*q + 55. What is the remainder when 20 is divided by o?
9
Suppose -2*i + 97 + 131 = 0. What is the remainder when i is divided by 23?
22
Let q(d) = 29*d**2 - 3*d - 1. Let m(p) = 43*p**2 - 4*p - 1. Let b(f) = 5*m(f) - 7*q(f). Calculate the remainder when b(2) is divided by 18.
16
Suppose -4*d + 24 = 4*h, 2*h + 3*d = 4*h - 17. Let t(f) = 5*f**3 - 4*f**3 - 4*f + h*f**2 + 4 - 2*f**3. Calculate the remainder when t(5) is divided by 12.
10
Let n(b) = -b**3 + 8*b**2 - 7*b - 2. What is the remainder when n(6) is divided by 10?
8
Let f be 1601/7 - (-10)/35. Suppose 4*l - 7 = f. Calculate the remainder when l is divided by 12.
11
Let n be 8/20 - (-4)/(-10). Suppose -6*y + 2*y + 8 = n. Suppose -a + 82 = y*a - 2*x, -3*x = -2*a + 63. What is the remainder when a is divided by 9?
6
Let a(c) = c**3 - 2*c**2 + 3*c. What is the remainder when a(2) is divided by 2?
0
Suppose 368 = -5*m + 9*m. Calculate the remainder when m is divided by 31.
30
Suppose 2*t - 4*q + 0*q = 26, -5*q + 39 = 3*t. Calculate the remainder when 50 is divided by t.
11
What is the remainder when 94 is divided by (-6 - -8)/(2/16)?
14
Suppose -96 = -5*l + 439. What is the remainder when l is divided by 56?
51
Let f(v) = v. Calculate the remainder when 25 is divided by f(7).
4
Let q(c) = 2*c - 3. What is the remainder when 26 is divided by q(5)?
5
Let r be (12/(-10))/((-14)/35). Suppose -5 = -r*s - 2. Calculate the remainder when s is divided by 1.
0
Let s = 164 + -113. Let p = 104 + -91. Calculate the remainder when s is divided by p.
12
Suppose 1 = 4*u - 43. Calculate the remainder when 32 is divided by u.
10
Let w(v) = 10*v**2 + v. Suppose -2*t = 3*t - 5. What is the remainder when w(t) is divided by 4?
3
Suppose -3*u = -9*u + 252. Calculate the remainder when u is divided by 15.
12
Let a(o) = -o**2 - 8*o - 7 - 2*o**2 + 5*o**2 - 3*o**2. Calculate the remainder when 28 is divided by a(-5).
4
Suppose -2*z + 16 = -2. Calculate the remainder when 33 is divided by z.
6
Let a = 57 + 4. Let t = -35 + a. What is the remainder when t is divided by 14?
12
Let v(b) = -2*b + 9. Let u be v(-7). Suppose -u = -4*i - p, 5*i + 4*p + p - 40 = 0. Calculate the remainder when 8 is divided by i.
3
Suppose 3*h - u - 4*u - 25 = 0, 5*h + 5*u = 15. Suppose -h*c = -10*c - 20. What is the remainder when 10/c*126/(-45) is divided by 3?
1
Calculate the remainder when 0/((-4)/2) + 10 is divided by 6.
4
Calculate the remainder when (-2 - 72/(-39)) + (-706)/(-26) is divided by 10.
7
Let u = 7 + -4. Suppose -u*t - 2*t = 5. Let v = t + 6. What is the remainder when v is divided by 4?
1
Let d(l) = l**2 - 8*l + 9. Calculate the remainder when d(8) is divided by 6.
3
Let a = 16 + -14. Let c = 8 - 3. Suppose 0*x - 5 = -3*x - y, c*y = -5*x - 5. Calculate the remainder when x is divided by a.
1
Suppose -5*q + 7*q - 20 = 0. Let f be 3/6 - (-1)/(-2). Suppose f*v = -v + 28. What is the remainder when v is divided by q?
8
Let s = 1 - 4. Let g(m) = -m**2 + 6*m + 4. What is the remainder when g(6) is divided by 6/(-2)*(2 + s)?
1
Let k = 34 - -50. What is the remainder when k is divided by 17?
16
Suppose 2*o - y = 18 + 4, 2*y + 17 = o. Suppose 2*s - 5*b - 8 = 37, -b - 99 = -4*s. Calculate the remainder when s is divided by o.
7
Let v be ((-20)/(-6))/(16/24). Suppose -64 = -v*q + 16. What is the remainder when q is divided by 9?
7
Let c(s) = 18*s**2 + s - 1. Calculate the remainder when c(1) is divided by 5.
3
Suppose 0 = 4*x - 14*x + 760. What is the remainder when x is divided by 16?
12
Let u(r) = 2*r**2 - r - 1. Suppose 3 + 0 = -q. Calculate the remainder when 78 is divided by u(q).
18
What is the remainder when 192 is divided by 42 - (0 + 0 + 3)?
36
Let a = -17 + 27. Let n = a + -2. Let d(l) = l. What is the remainder when d(n) is divided by 3?
2
Calculate the remainder when (123/4 + 4)/(4/32) is divided by 31.
30
Suppose 3*j = -2*u + 128, -2*j - 81 = -4*j + 3*u. Suppose 5*l - 2*i = 140, -28 = -2*l + l - 5*i. Let w = j - l. What is the remainder when w is divided by 8?
6
Let r(b) = -2*b**3 - 4*b**2 + 2*b + 3. What is the remainder when -1 + -1 + (-1121)/(-19) is divided by r(-3)?
12
Suppose 4*s - 31 + 11 = -2*t, s - 15 = -3*t. Calculate the remainder when 8 is divided by t.
0
Let p(u) = -u**3 - 6*u**2 - 4*u - 15. Let i be p(-6). Calculate the remainder when 6/i - (-628)/12 is divided by 18.
17
Let c(o) = -o**3 - 9*o**2 + 7*o - 9. Suppose z = 2, 3*t + 2*z - 3*z + 23 = 0. Let y(m) = m**2 + 5*m - 6. Calculate the remainder when c(-10) is divided by y(t).
5
Suppose 4*u = 2*u + 48. What is the remainder when u is divided by 15?
9
Suppose -50 - 112 = -3*q. What is the remainder when q is divided by 28?
26
Suppose 4*y + 50 = -6. Let s = 19 + y. Suppose 0 = -5*j - 0*j + 95. What is the remainder when j is divided by s?
4
Let x = 124 - 89. Calculate the remainder when x is divided by 3.
2
Suppose 4*p = -273 - 87. Let a = p - -231. Suppose -j = 4*z - 139, -4*z - j + 2*j + a = 0. What is the remainder when z is divided by 12?
11
Let b(y) = y + 5. Let f be b(-5). Suppose f = -3*t + 71 - 11. What is the remainder when 39 is divided by t?
19
Let u = -2 + 2. Let l(s) = -s**2 + s + 36. Let q be l(u). What is the remainder when 17 is divided by (2/4)/(3/q)?
5
Let l(g) = -6*g - 6. Let y(f) = -48*f - 48. Let s(d) = 33*l(d) - 4*y(d). What is the remainder when s(-10) is divided by 14?
12
Let p = 2 - 6. What is the remainder when -1 - (3 + -2 + -20) is divided by p/(-14) + 204/21?
8
Suppose 5*c = -3*h + 116, -c = 3*h - 7*h + 193. What is the remainder when h is divided by 10?
7
Suppose k = -2*k + 99. What is the remainder when 32 is divided by 